.
19
(-145 - -148) + (3 - (3 + -4) - -1)
8
Calculate -31 + (20 - -16) - (-6 + (1 - -1)).
9
What is the value of (-12 - 3 - (-15 - -3)) + -5?
-8
What is the value of -2 + 18 - (6 + 9)?
1
What is the value of (-8 + 0 + -16 - -5) + 9?
-10
Evaluate 16 + 8 + 3 + (-5 - 12).
10
-22 + (-39 - (-11 - 31))
-19
Evaluate 2 + -17 + (-25 - -15) + 12.
-13
What is the value of 9 - ((17 - 11) + -8)?
11
What is -4 - ((6 - 18) + 13)?
-5
Evaluate 9 + (5 - 6) - (-12 - -20).
0
Calculate 0 - -4 - (-13 + 23 + -7).
1
1 + -1 + (-15 + 6 - -16)
7
Evaluate (10 + -8 - -9) + -4 - -2.
9
Evaluate 225 + -224 - (-3 + (4 - 3 - 7)).
10
What is the value of 2 + -1 + 0 - (-126 - -134)?
-7
Calculate (2 - (-4 + 0)) + -1 - (10607 - 10635).
33
-15 + (9 - (-5 - 3)) + -1 + -6
-5
What is the value of (10 - (-13 + (-14 - -26))) + 11?
22
What is the value of 27 + -11 - 6 - (-2 - 0)?
12
Calculate (5 - (-2 + 7)) + (1 + 2 - 0).
3
What is the value of 5 + (-6 + 3 + -3 - 12 - -5)?
-8
What is the value of -20 + 1 - (80 - 84)?
-15
Evaluate 3 + 8 + -17 + 5 - (1 - 2).
0
What is the value of -7 - (-23 + 14 - 22)?
24
Evaluate -30 - (-22 - -3 - (-17 + 2)).
-26
What is the value of 2 - -14 - ((6 - 5) + -5)?
20
What is the value of (5 - 1) + (-13 - -8 - -5) + 17?
21
Evaluate 10 + (-25 - -14) + -6 - -4.
-3
Calculate 12 - 0 - ((-31 - -31) + -4 + 33).
-17
What is the value of -6 + -10 - (8 + -6 + 11)?
-29
What is the value of 8 + 8 + -8 + 0 + -2 + 4?
10
What is (-25 - (18 - 32)) + -11 + 20?
-2
-2 + 2 - (-21 + (-6 - 5) + 11)
21
(-43 - -46) + 0 + 2
5
Evaluate -16 + 1 + (-18 - -79) + -47.
-1
Evaluate -3 - (-3 - (2 - (4 + 2 + 3))).
-7
Calculate 2 + (-5 - 0) - (7 + 2).
-12
What is the value of -4 - (2 - (9 - (7 + -3)))?
-1
(-36 - (-63 + 38)) + (20 - 0)
9
Calculate -20 + 32 + -13 + 4.
3
Evaluate 0 + -3 + -6 + (3 - -4) + 9.
7
Calculate 13 - (6 - -4) - -2.
5
Evaluate -17 + (6 - 1 - (7 - (26 - 17))).
-10
What is 22 - (9 - (33 + -20))?
26
Calculate -23 + -2 + 16 + -7.
-16
Evaluate -17 - (-8 + 0 - 3).
-6
What is the value of 2356 + -2386 + 3 + 2 + -2?
-27
(-1 - -2 - -3) + 4
8
20 + (1 - 9) + -18
-6
7 - (19 + -6 + -2) - (-6 + 3)
-1
Calculate -409 + 394 - (-29 + 0).
14
Evaluate (-4374 - -4390) + -30 + 0 + -1.
-15
Calculate 27 + -37 + 13 + (9 - -1).
13
Evaluate 10 + (8 - 14 - ((0 - 5) + 10)).
-1
What is the value of 0 + (-9 - 4) + -3?
-16
What is the value of -4 + 0 + (-1 + 2 - (11 + -26))?
12
Calculate 3 + -7 - (-6 + 0 - (10 - 14)).
-2
Evaluate -5 - (11 + -24) - (23 + -3).
-12
Evaluate 0 + -4 - (-16 + 31 - (12 + -3)).
-10
(1 - -22) + 12 + -39 + 29 + -10
15
-4 - (8 + -8 + 8 - 6 - -5)
-11
Calculate -3 + 1 + 22 + (-8 - 3) + 17.
26
What is the value of 16 - 2 - ((-10 - -11) + 5)?
8
What is (58 - 67) + 0 + 1?
-8
Calculate -3 - ((-12 - -13) + -8 + (-9 - -1)).
12
What is the value of (-20 - 1) + (-10 - -18)?
-13
(-14 - -17) + -13 + 4 + 7 + -4
-3
Calculate -19 + 13 + 13 + -4 + 1 + -3.
1
What is the value of -13 + (-4 - -5) + -3 + 32 + -29?
-12
What is the value of 6 + (-29 - 8) + 49?
18
Evaluate -19 + -3 + -8 + 29.
-1
What is the value of 284 + -294 - (-3 - -1)?
-8
Calculate (167 - 158 - (6 - 3 - -3)) + 10.
13
Evaluate 10 + -4 + 3 + (-1 - -4) + -4.
8
What is 12 - 22 - -15 - (-19 + 2)?
22
(7 - 10) + -7 + 0 + 0
-10
Calculate 19 + -78 + 6 + 17.
-36
30 + (-6 - (14 + 22))
-12
What is the value of 0 + 5 - (-481 - -497)?
-11
9 - ((-6 - ((4 - 5) + 0)) + 4)
10
What is -2 + (-9 - (-5 + 8))?
-14
What is -18 + 4 + (9 - -2)?
-3
Evaluate 17 - (-5 - 2 - -25).
-1
What is the value of -6 + -6 - (-30 - -29)?
-11
-1 + -18 + -2 + 10 + -3 + -9
-23
56 - 82 - (2 - 16)
-12
What is the value of 3 - (1 + (-3 - -5)) - (26 + -10)?
-16
Evaluate (-13 + 16 - -6) + -26 + -10.
-27
Evaluate 4 - (10 + -23 + 49).
-32
What is the value of 8 + -1 - (3 + (5 - 1))?
0
What is the value of -9 - (0 + (0 - (4 + 5)))?
0
Evaluate -46 + (1 - -3) - -16.
-26
What is the value of (8 - 11 - 24) + 17?
-10
What is the value of 15 - (37 - (31 - 7))?
2
(-12 - -2) + (-23 - -35) + (5 - -4)
11
Calculate (1 - (-25 - -3)) + -16.
7
0 - ((-6 - (1 + -1 + 8)) + -9)
23
What is the value of -6 - (136 + -145 - (-1 + -14))?
-12
Evaluate 3 + 0 - (7 - (13 + 1 + -13)).
-3
354 + -388 - (-23 + 2)
-13
What is the value of -7 + (-2 - ((-30 - -22) + (-32 - 0)))?
31
What is the value of -21 + -9 + 16 + 3?
-11
(-477 - -445) + 61 + 1
30
Calculate (17 - 13) + 0 + 0 + (1 - -3).
8
What is the value of (2 - (15 - 0)) + -18 + (-16 - -37)?
-10
(30 - 27 - (3 + 0)) + 5 - 9
-4
0 + -6 + -8 + 11 + 0
-3
Calculate (8 - (14 + 14 + -27)) + (-2 - 0).
5
What is the value of -1 - 1 - (9 - 1 - -1)?
-11
What is the value of 22 + (2 - 19) - (7 - 0 - 0)?
-2
Evaluate 18 + -12 - (3 + 7 - -5) - -11.
2
Evaluate 107 + -117 - (0 + 0 - 7).
-3
40 + -26 + -24 - (1 + -25)
14
What is (24 - (0 - -17)) + -16 + 0 + 38?
29
Calculate (-2 - (0 + -1) - 3 - -19) + -8.
7
What is ((4 - 2) + -1 - (3 - 1)) + 2?
1
What is the value of (9 - 14 - -14) + 0?
9
What is 9 + (12 - (10 + -8)) + -22?
-3
-8 + 0 + -14 + -10 + 19
-13
Evaluate (-2 - -10 - 6) + 18 - 5.
15
(-12 + 3 + -2 - -5) + 11
5
Evaluate (-4 - -1 - (0 - -3)) + (-2 - 2).
-10
Calculate 3 + (0 - 5) + (-12 - -21) + -2.
5
Evaluate (11 - 7) + (-5 - -3) - 9.
-7
Calculate 6 + -2 + 3 + -18 + 0.
-11
What is the value of (-5 + -3 + 7 + 0 - -7) + -12?
-6
Calculate -17 + -22 + 42 - (-2 + 1) - -3.
7
What is 5 - (-8 + -3 + 7)?
9
Evaluate 17 + (47 - 42 - 1).
21
What is -30 + 21 + 1 + -9 + 0?
-17
Calculate 3 + (-2 - (19 - 9)).
-9
What is -10 - -10 - -7 - 9?
-2
Evaluate 12 + (3 - 49) + 4 + 4.
-26
What is -13 - -1 - (99 - 112)?
1
What is the value of 2 + -21 - (104 - 133)?
10
Calculate -29 + 19 + 6 - (-1 + 0 - 13).
10
Calculate 1 - ((1 - -7 - 8) + -7).
8
Calculate (27 - 18) + 0 + -2 - 7.
0
Evaluate (6 - (15 + 2 - 14)) + 1 + -10.
-6
What is (7 - (15 - 11)) + 4 + -13?
-6
Evaluate -4 + 9 + 2 + -9 + 7.
5
Calculate (5 - 1) + (256 - 249).
11
14 - (11 + -6) - (-8 - -22)
-5
What is 7 + 0 + 9 + -8 + (-5 - -3)?
6
Evaluate (19 - (14 - 10)) + -4 + 2 + -1.
12
Evaluate 36 + (-18 - -2) + 7.
27
-30 - 7 - (51 + -77)
-11
What is -6 + (8 - 7 - 14)?
-19
Evaluate 7 + 1 + -1 + 1 - (-734 - -739).
3
What is the value of -4 + (29 - 17) + -8?
0
Evaluate -3 + (-8 - (8 + (-5 + 11 - 37))).
12
What is the value of 31 - (2 + -18 + 36)?
11
Calculate (6 + -15 - (7 - -4)) + 3.
-17
Evaluate 18 + (-57 - 3) + 3 + 0.
-39
What is the value of (1 - 15) + 2 + (-51 - -57) + -6?
-12
Evaluate -19 - (-4 + 8 + (-13 - -1)).
-11
Evaluate 3 - -1 - (5 - (-8 + 8)) - -16.
15
What is the value of 5 - (-2 + -4 + 16 + -7 + -2)?
4
-8 + (13 - 32 - -47 - (2 - 2))
20
-13 - ((-5 - (5 + -17) - -1) + -5)
-16
What is 6 - (-9 + 27) - -2?
-10
Evaluate 4 + 2 - 5 - (-12 - -10).
3
Evaluate 13 + 0 - (1 - -26 - 37).
23
What is the value of 2 - (14 + -17 + (6 - 3))?
2
What is the value of 4 + (-16 + 1 - -11)?
0
Evaluate (4 - 1 - (108 - 107)) + -27 - -10.
-15
7 + (1 + 4 - 11)
1
Calculate -12 - (13 + 5 - 24).
-6
What is the value of 4 - -1 - (4 - 4 - -9)?
-4
-15 - (12 + -1 - 11)
-15
What is the value of 23 - (-9 + -4 + 4 + (2 - -15))?
15
-9 + 1 - (-4 - (2 - (4 - -7)))
-13
Calculate 13 - (-4 - -1 - (0 - (-3 - -12))).
7
Calculate (1 - 6 - -13) + 6 + (4 - 4).
14
2 + -1 + 9 - 4 - 10
-4
Evaluate 0 + -12 + 3 + 8 + -7.
-8
Calculate -2 + 3 + 12 - (-132 - -117).
28
2 - 26 - (12 + 1 + -22)
-15
7 - (-2 + 0 + -8 + -2 + 9)
10
Calculate (1 - (5 - (-1 - -1))) + 10000 + -9971.
25
What is 3 + 12 + -28 + 0 + -1?
-14
What is the value of 17 + (11 - 26) + 1?
3
What is the value of -13 + 8 + (-14 - (5 - (8 - 2)))?
-18
Evaluate -11 + (8 - (13 - 17)) + -20.
-19
What is the value of (-13 - -14) + (-11 - -1)?
-9
What is the value of -9 - 0 - (0 + -24) - 13?
2
Evaluate 0 + 32 + 14 + (22 - 48).
20
What is the value of 11 + -30 + -8 + 12?
-15
-17 + (9 - 26) + 21 + -11 + -1
-25
What is the value of -1045 - -1040 - (-2 + -13 + 2)?
8
Calculate 3 - (17 + -7 - 17).
10
What is (7 - 70) + 14 + 26?
-23
What is -4 - (-12 + 10 + 2 + -1 + 5)?
-8
What is 31 - (27 + -38) - 7?
35
Evaluate (17 + -34 - -19 - (-1 + -9)) + -3.
9
-21 + 20 + -9 - -12
2
Calculate -27 - -14 - ((-9 - -9) + -6).
-7
Calculate -27 - -26 - (-1 + -1 - 0).
1
What is 2 + -3 - -15 - (-15 - (-4 - 15))?
10
What is the value of (-13 - (-28 - 1) - 14) + -26?
-24
What is the value of (-3 - (0 + -5 + -2)) + (-3 - 25)?
-24
Evaluate (15 - 11) + 5 - (-1 + 0 - 4).
1